{"id":28948,"date":"2022-09-19T16:42:06","date_gmt":"2022-09-19T14:42:06","guid":{"rendered":"https:\/\/ahobi-informatik.ch\/?page_id=28948"},"modified":"2024-11-09T12:26:04","modified_gmt":"2024-11-09T11:26:04","slug":"consulting","status":"publish","type":"page","link":"https:\/\/ahobi-informatik.ch\/?page_id=28948","title":{"rendered":"Consulting"},"content":{"rendered":"[et_pb_section fb_built=&#8220;1&#8243; admin_label=&#8220;section&#8220; _builder_version=&#8220;4.27.2&#8243; hover_enabled=&#8220;0&#8243; global_colors_info=&#8220;{}&#8220; use_background_color_gradient=&#8220;off&#8220; sticky_enabled=&#8220;0&#8243;][et_pb_row admin_label=&#8220;row&#8220; _builder_version=&#8220;4.16&#8243; background_size=&#8220;initial&#8220; background_position=&#8220;top_left&#8220; background_repeat=&#8220;repeat&#8220; global_colors_info=&#8220;{}&#8220;][et_pb_column type=&#8220;4_4&#8243; _builder_version=&#8220;4.16&#8243; custom_padding=&#8220;|||&#8220; global_colors_info=&#8220;{}&#8220; custom_padding__hover=&#8220;|||&#8220;][et_pb_text admin_label=&#8220;Text&#8220; _builder_version=&#8220;4.27.2&#8243; background_size=&#8220;initial&#8220; background_position=&#8220;top_left&#8220; background_repeat=&#8220;repeat&#8220; global_colors_info=&#8220;{}&#8220;]<p>Haben Sie ein kleines oder auch gr\u00f6sseres IT-Projekt und w\u00fcnschen dabei eine neutrale, produktunabh\u00e4ngige Unterst\u00fctzung?<\/p>\n<p><\/p>\n<p><strong>Vielleicht kann ich Ihnen helfen!<\/strong><\/p>\n<p><\/p>\n<p><\/p>\n<p><\/p>[\/et_pb_text][et_pb_slider use_bg_overlay=&#8220;off&#8220; _builder_version=&#8220;4.27.2&#8243; _module_preset=&#8220;default&#8220; auto=&#8220;on&#8220; auto_speed=&#8220;3000&#8243; border_radii_image=&#8220;off||||&#8220; box_shadow_style_image=&#8220;preset4&#8243; global_colors_info=&#8220;{}&#8220;][et_pb_slide image=&#8220;https:\/\/ahobi-informatik.ch\/wp-content\/uploads\/2022\/09\/cropped-cropped-Vevey-theFork-1_1-scaled-e1663595859600.jpg&#8220; _builder_version=&#8220;4.27.2&#8243; _module_preset=&#8220;default&#8220; global_colors_info=&#8220;{}&#8220; sticky_transition=&#8220;on&#8220;][\/et_pb_slide][et_pb_slide image=&#8220;https:\/\/ahobi-informatik.ch\/wp-content\/uploads\/2022\/09\/Kapellbruecke-scaled-e1663513119806.jpg&#8220; _builder_version=&#8220;4.27.2&#8243; _module_preset=&#8220;default&#8220; global_colors_info=&#8220;{}&#8220; sticky_transition=&#8220;on&#8220;][\/et_pb_slide][et_pb_slide image=&#8220;https:\/\/ahobi-informatik.ch\/wp-content\/uploads\/2022\/09\/Oeschinensee-2-scaled.jpg&#8220; _builder_version=&#8220;4.27.2&#8243; _module_preset=&#8220;default&#8220; global_colors_info=&#8220;{}&#8220; sticky_transition=&#8220;on&#8220;][\/et_pb_slide][\/et_pb_slider][\/et_pb_column][\/et_pb_row][\/et_pb_section]","protected":false},"excerpt":{"rendered":"<p>Haben Sie ein kleines oder auch gr\u00f6sseres IT-Projekt und w\u00fcnschen dabei eine neutrale, produktunabh\u00e4ngige Unterst\u00fctzung? Vielleicht kann ich Ihnen helfen!<\/p>\n","protected":false},"author":1,"featured_media":0,"parent":0,"menu_order":0,"comment_status":"closed","ping_status":"closed","template":"","meta":{"_et_pb_use_builder":"on","_et_pb_old_content":"<!-- wp:paragraph -->\n<p>Haben Sie ein kleines oder auch gr\u00f6sseres IT-Projekt und w\u00fcnschen dabei eine neutrale, produktunabh\u00e4ngige Unterst\u00fctzung? <\/p>\n<!-- \/wp:paragraph -->\n\n<!-- wp:paragraph -->\n<p><strong>Vielleicht kann ich Ihnen helfen!<\/strong><\/p>\n<!-- \/wp:paragraph -->\n\n<!-- wp:html -->\n[camera_slider \"28963\"]\n<!-- \/wp:html -->","_et_gb_content_width":"","footnotes":""},"class_list":["post-28948","page","type-page","status-publish","hentry"],"_links":{"self":[{"href":"https:\/\/ahobi-informatik.ch\/index.php?rest_route=\/wp\/v2\/pages\/28948","targetHints":{"allow":["GET"]}}],"collection":[{"href":"https:\/\/ahobi-informatik.ch\/index.php?rest_route=\/wp\/v2\/pages"}],"about":[{"href":"https:\/\/ahobi-informatik.ch\/index.php?rest_route=\/wp\/v2\/types\/page"}],"author":[{"embeddable":true,"href":"https:\/\/ahobi-informatik.ch\/index.php?rest_route=\/wp\/v2\/users\/1"}],"replies":[{"embeddable":true,"href":"https:\/\/ahobi-informatik.ch\/index.php?rest_route=%2Fwp%2Fv2%2Fcomments&post=28948"}],"version-history":[{"count":8,"href":"https:\/\/ahobi-informatik.ch\/index.php?rest_route=\/wp\/v2\/pages\/28948\/revisions"}],"predecessor-version":[{"id":1088630,"href":"https:\/\/ahobi-informatik.ch\/index.php?rest_route=\/wp\/v2\/pages\/28948\/revisions\/1088630"}],"wp:attachment":[{"href":"https:\/\/ahobi-informatik.ch\/index.php?rest_route=%2Fwp%2Fv2%2Fmedia&parent=28948"}],"curies":[{"name":"wp","href":"https:\/\/api.w.org\/{rel}","templated":true}]}}